e r(10). Let l(g) = -2*g**3 - 6*g**2 + 8*g + 6. Let c be l(-5). Let w = y - c. What are the prime factors of w?
29
Let u(o) = -5*o**3 + 12*o**2. Suppose 41 - 20 = -3*w. Let m(g) = -6*g**3 + 13*g**2 - g - 1. Let t(f) = w*u(f) + 6*m(f). What are the prime factors of t(-6)?
2, 3, 5
Let j = 5192 - -2211. What are the prime factors of j?
11, 673
Let i(m) = -12*m - 275. Let c be i(-24). Suppose -7247 = -c*t + 13800. List the prime factors of t.
1619
Let r = -739 - -13025. List the prime factors of r.
2, 6143
List the prime factors of ((-13)/2)/(32556/(-2712) - -12).
13, 113
Suppose -2*z - 2*s = -28, -4*z - 5*s + 31 = -28. Suppose z*p - 522 = 182. What are the prime factors of p?
2
Suppose 4*l = 2*j - 24492, 5*j + 7*l - 61230 = 15*l. What are the prime factors of j?
2, 3, 13, 157
Let f = 28 + -33. List the prime factors of (-98)/6*(f + -4).
3, 7
Suppose -399659 = 110*i - 2857499. List the prime factors of i.
2, 3, 7, 19
Suppose 4*a - 21 + 5 = 0. Suppose a*b + b - 2420 = 0. Suppose 11*d - b = 7*d. List the prime factors of d.
11
Let o = 938 - 931. Suppose -o*u + 715 = -4087. What are the prime factors of u?
2, 7
Let f(c) = c**3 - 4*c**2 - 45*c + 1. Let a be f(9). What are the prime factors of (-32 - 4)*1/(-4) - a?
2
Suppose 2*s + 642 = -d, 3*d - 4*d + 1598 = -5*s. Let h = -1419 + 962. Let i = s - h. What are the prime factors of i?
137
Suppose -11*g + 7698 = -11244. Suppose 2*s + 4*j - 822 = 0, 78 = -4*s + 5*j + g. List the prime factors of s.
3, 137
Suppose 2*z = -8*g + 12*g + 22796, 5*z + g - 57045 = 0. List the prime factors of z.
2, 23, 31
Let k = -56 - -161. Suppose -3*u - 2*u = 3*v - 174, k = 3*u + 2*v. What are the prime factors of 12/(-7 + 3) + u?
2, 3, 5
Suppose 851 + 2790 = 3*h + 4*c, 0 = -4*h - 5*c + 4854. List the prime factors of (h/(-14))/(4/(-8)).
173
Suppose 0 = -4*r - 0 + 24. Let i(b) = b**2 - b - 25. Let l be i(r). Suppose 5*o - 470 = -l*s, -2 = -3*o + 10. List the prime factors of s.
2, 3, 5
Let z be -4*2*(-2)/8. Let l = 645 + -611. Suppose 5*h - 442 = z*x, x - l - 60 = -h. What are the prime factors of h?
2, 3, 5
Suppose -d = -2*q + 10259, -32*q + 36*q + d - 20503 = 0. List the prime factors of q.
3, 1709
Suppose 65952 = 3*z + 3*o, -3*o - 1019 - 42919 = -2*z. List the prime factors of z.
2, 3, 11, 37
Suppose -5*x - 5*h = -74995, -h + 3*h = -4. What are the prime factors of x?
7, 2143
What are the prime factors of 34/40 + 2/(-8) - 558208/(-320)?
5, 349
Let s(u) = -19*u - 208. Let z be s(-14). Suppose -2082 = 52*h - z*h. List the prime factors of h.
347
Let a(i) = -20 - 19 - 126*i + 55. Let j be a(-9). Suppose -7*h - 3*h = -j. List the prime factors of h.
5, 23
Suppose 9*b = 10*b - 45. Suppose b*a = 59316 + 7239. List the prime factors of a.
3, 17, 29
Let j = 115175 + -69708. What are the prime factors of j?
19, 2393
Suppose -39*z + 25*z - 22*z = -416664. List the prime factors of z.
2, 3, 643
Let s(b) = 7*b + 52. Let k be s(-7). Suppose 2*n - m = -2*n + 2584, 4*m = k*n - 1951. What are the prime factors of n?
3, 5, 43
Let o = 50009 - 25151. List the prime factors of o.
2, 3, 1381
Let g(o) = 49*o**2 + 35*o + 628. What are the prime factors of g(-24)?
2, 47, 149
Let k = 1446 + -778. Let d = k - 325. List the prime factors of d.
7
Suppose 0 = -5*t, 15 = 5*d + 25*t - 30*t. Let o be (-1)/2*7*2. What are the prime factors of ((36/o)/d)/((-18)/63)?
2, 3
Let f be -9 + 15 + (-2)/(-1). Suppose 6978 = f*r - 310. List the prime factors of r.
911
Let z be 1/(-4) + (-3 - 1046/8). Let u = z + 114. List the prime factors of (1 - 6)/(2/u*1).
2, 5
Let s = -12618 - -18626. What are the prime factors of s?
2, 751
Suppose -z - 4*d - d + 17 = 0, 4*z + 20 = 2*d. Let s = z - -117. What are the prime factors of s?
2, 3, 19
Suppose -16*l + 127 + 161 = 0. What are the prime factors of 445 - (-9)/(l/(-8))?
3, 7
Let v = -94 + 101. Suppose -7470 = v*a - 22*a. List the prime factors of a.
2, 3, 83
Let x be (-63)/6 - (-9)/18. Let l = x + 37. Suppose -l*t - 332 = -31*t. What are the prime factors of t?
83
Suppose -a - 3*k = a - 10235, 0 = 2*a + 2*k - 10232. What are the prime factors of a?
5113
Let p = -51 - -75. Suppose v = -3*v + p. Suppose 0 = -w - 3 + v. List the prime factors of w.
3
Let n = -255 + 819. Let f(g) = 19*g + 1. Let x be f(1). Suppose -x*y = -17*y - n. List the prime factors of y.
2, 47
Suppose -31*x - 14064921 = -292*x + 14*x. List the prime factors of x.
3, 19, 37
Let x(r) = 2201*r - 1339. What are the prime factors of x(6)?
11867
Let j = 22 + -48. Let y = -27 - j. List the prime factors of y - ((-365)/5 + -2 + 1).
73
Let l = -37 + 37. Suppose -5*n - 695 + 2825 = l. Suppose 3*c = 252 + n. What are the prime factors of c?
2, 113
Let i(b) = -b**3 - 14*b**2 + b + 26. Let t be i(-14). Suppose t = d + 2*d. Suppose 4*a - z - 7 = 70, 67 = d*a + z. List the prime factors of a.
2, 3
Suppose -z + 4*l + 7376 = 0, 4*z - 29516 = 10*l - 6*l. List the prime factors of z.
2, 3, 5, 41
Suppose 0 = 5*j - 26 + 6. Suppose 12*t = 16*t + 12, 2088 = 3*g + 4*t. Suppose j*r + g = 9*r. List the prime factors of r.
2, 5, 7
Let j(k) = 126*k - 2197. What are the prime factors of j(74)?
7127
Let h(u) = 13190*u**2 - 289*u - 3. List the prime factors of h(1).
2, 6449
Suppose -16 = -3*v - 2*z, -2*v + 3*v + 2*z = 8. Suppose 0 = -11*i + v*i - 1456. Let a = 308 + i. List the prime factors of a.
2, 5
Let w(v) = 118*v - 328. Let l be w(12). Suppose -3*k + 0*k - d = -1667, -2*k + l = -4*d. List the prime factors of k.
2, 277
Let l(q) = -2*q**3 + 44*q**2 - 12. Let y be l(22). Let w(b) = b**3 + 17*b**2 + 20*b + 18. List the prime factors of w(y).
2, 3, 83
Let s(m) be the second derivative of -m**4/12 + 4*m**3 - 14*m**2 + 2*m - 35. Let u = 29 - 16. List the prime factors of s(u).
5, 23
Let j(o) = o**3 + 23*o**2 + 8*o - 4. Let q be j(-19). Let k = q - 176. What are the prime factors of k?
2, 139
Let d be -2 + 9 - (0 - -3). Suppose 3*m = 4*c - 244, d*c - 3*m + 2*m - 252 = 0. List the prime factors of c.
2
Let y(o) = 366*o - 56. Let h = 115 + -107. Let n(z) = -244*z + 37. Let r(b) = h*n(b) + 5*y(b). List the prime factors of r(-2).
2, 5, 13
Suppose -6 = -2*q + p, -25 = -q + 3*p - 17. Suppose 4*s = -5*b + 300, 0 = -q*b - 9*s + 4*s + 120. What are the prime factors of b?
2, 3, 5
Suppose 0 = -5*h + 7713 + 6272. Suppose 19*q - h = 3302. What are the prime factors of q?
3, 107
Suppose -4*h + y = -96163 - 162759, 2*y - 258928 = -4*h. What are the prime factors of h?
3, 21577
Suppose -2*f - f + 130 = 4*q, -2*f - 2*q = -84. Let x = 41 - f. Suppose -x*y = 37 - 214. What are the prime factors of y?
59
Let z = 8629 + -3261. Suppose 75*b - 83*b + z = 0. What are the prime factors of b?
11, 61
Let w(b) = -b**3 - 3*b**2 + 42*b + 11. Let f = -122 + 112. List the prime factors of w(f).
3, 97
Let r(s) = 34081*s + 548. What are the prime factors of r(2)?
2, 5, 6871
Let p be 6/(-9)*((-774)/4 + 0). Suppose 3*m + 2*c + 127 = -p, -2*m - c = 170. Let l = 85 - m. List the prime factors of l.
13
Let y(d) = 25*d - 34. Let v be (133/(-21) - -7)/((-6)/(-117)). List the prime factors of y(v).
3, 97
Let o = -167 - 121. Let i = o - -333. List the prime factors of i.
3, 5
Let t = -243 + 232. Suppose 2*v + v + 3*r - 24 = 0, -3*v + r + 40 = 0. What are the prime factors of (t + v)/((-1)/(-4))?
2
Let k = 13802 + -3778. What are the prime factors of k?
2, 7, 179
What are the prime factors of (-10 + 431)/(2/112)?
2, 7, 421
Let h(q) be the first derivative of -15*q**2 + 97*q - 57. What are the prime factors of h(-16)?
577
Let q = 807 + -688. Suppose 0 = -116*x + q*x - 357. List the prime factors of x.
7, 17
Let t = 40123 - 28267. Suppose -18*m + t = -6*m. What are the prime factors of m?
2, 13, 19
Let y(l) = -l**2 - 5*l + 17. Let m be y(-7). Suppose 0 = 5*d + 5, -1 = n + m*d - 0*d. Suppose n*k - 132 = 130. What are the prime factors of k?
131
Let l = -2778 - -5270. List the prime factors of l.
2, 7, 89
Let s(z) = -105*z + 14. Let o(k) = k + 3. Let a(j) = 15*o(j) - 3*s(j). What are the prime factors of a(4)?
3, 7
Let v = 264 - 401. Let a = 161 + v. What are the prime factors of a?
2, 3
Let u(g) = 2*g**3 + 75*g**2 + 19*g + 86. What are the prime factors of u(-36)?
2, 5, 7, 47
Let i(w) = 4*w**2 + w**2 - 5*w**2 - 25 - w**2 - 22*w. Let v be i(-21). Let d(o) = -o**3 + 10*o**2 - 5. List the prime factors of d(v).
3, 73
Let s(z) = 